e greatest common factor of 26 and l?
13
Suppose 38 = i - 34. Let j = -145 - -163. Calculate the greatest common factor of j and i.
18
Suppose -5*q + 5*h = -310, 4*q + h - 4*h = 246. Suppose q = 4*x - 4*m, 0 = -2*x + m + 3 + 32. Calculate the highest common divisor of x and 5.
5
Let n be ((-2)/(-4))/(2/112). What is the greatest common divisor of 14 and n?
14
Let l(g) = -110*g - 2. Let w(v) = -v + 1. Let y(q) = l(q) + w(q). Let n be y(-1). Let t be 6/(-4)*40/(-6). What is the greatest common divisor of n and t?
10
Let t(z) = 231*z. Let f be t(1). What is the greatest common factor of f and 21?
21
Let z = -9 + 9. Let h(r) = -r**2 - r + 4. Let k be h(z). Suppose 1 + 111 = k*w. Calculate the greatest common divisor of 7 and w.
7
Suppose 0 = -35*l + 9*l + 832. Suppose 4*c - 30 = 34. What is the greatest common factor of l and c?
16
Let i(o) = o**2 + o - 2. Let s be i(3). Calculate the highest common divisor of 50 and s.
10
Let u be -3*(-1 + (-10)/(-3)). Let m(j) = -j**2 - 7*j + 3. Let x be m(u). Suppose -x*b + 50 = 2*b. Calculate the greatest common factor of 15 and b.
5
Let o = 24 + -14. Let u be 4/(-8)*(-1 - -1). Suppose u = 4*m - 269 - 11. Calculate the greatest common factor of m and o.
10
Let y(i) = -i**3 - 7*i**2 - 8*i - 7. Suppose -2*v - 4 = -16. Suppose -2*g - v = -g. Let q be y(g). Calculate the highest common divisor of 20 and q.
5
Suppose -5*x = 11 - 1. Let r(i) = -i**3 - 4*i - 3. Let h be r(x). Suppose -j + h = 3. What is the greatest common divisor of j and 50?
10
Let s be (3 - (2 - 1))*11. Suppose 0 = 4*q - q + 51. Let y = q + 19. Calculate the highest common factor of y and s.
2
Let z(s) = s**3 + 9*s**2 - 8. Let q be z(-6). Let h = 33 - 8. What is the greatest common divisor of q and h?
25
Let u(z) = 6*z**2 + 3*z**3 + 2*z + 2*z**3 - 4*z**3 + 0*z**2. Let d be 44/(-10) + (-10)/(-25). Let m be u(d). Calculate the greatest common factor of 3 and m.
3
Let x(s) = -s**2 + 19*s - 8. Let r be x(12). What is the highest common factor of 38 and r?
38
Let d be 46/(-3) + 1/3. Let p = d - -23. What is the greatest common factor of p and 88?
8
Suppose -4*f + 1 = -0*f + 3*w, -3*w = 3*f + 3. Let i(v) = 3 - 5 + v - v**3 - f*v**2 + 2*v**3. Let p be i(4). Calculate the greatest common divisor of p and 2.
2
Suppose s = 2*s - 336. Let q be (-3 - s/(-2))*1. Calculate the highest common divisor of 15 and q.
15
Suppose 7 = 3*q - 20. What is the greatest common factor of q and 72?
9
Let w = -13 - -23. Suppose -9*g + w*g = 14. Calculate the highest common factor of g and 56.
14
Let d = 2 + 3. Suppose -3*s - 5*y = -165, d*y + 135 = -0*s + 2*s. Suppose 0 = -2*p + 14 + 10. What is the highest common divisor of s and p?
12
Let m be (-4)/(-10) - 208/20. Let h = -7 - m. Suppose -2*q + 5*t + 30 = h*q, 4*q = -t + 44. Calculate the highest common divisor of q and 80.
10
Let r = -8 - -35. Let x(c) = -4*c + 56. Let i be x(-13). What is the greatest common divisor of i and r?
27
Let g(t) = -2*t**3 - 4*t**2 - 3*t - 1. Let s be g(-2). Suppose 2*p + 96 = s*p. What is the greatest common factor of p and 48?
16
Let l(d) = 2*d. Let k = 11 + -5. Let z be l(k). Suppose -5*v = -v - 32. Calculate the highest common factor of z and v.
4
Suppose 4*m = -2 + 18. Suppose m*d - 119 = 25. Suppose -u = -2*t + 41, 2*u = 2*t + 5*u - 21. What is the greatest common divisor of d and t?
18
Suppose -4*k + 3*z + 80 = 4*z, -3*z - 12 = 0. Calculate the highest common divisor of 84 and k.
21
Suppose g = -0*g + 56. Let j(y) = 2*y**2 - 7*y + 4. Suppose -4*d = 5*u, -5*u + 4*d + 34 + 6 = 0. Let w be j(u). What is the greatest common divisor of w and g?
8
Let j be (-11 - -4) + 0 + 4 - -10. Calculate the highest common factor of j and 56.
7
Let v(u) be the third derivative of 7*u**4/24 + u**3/3 - 4*u**2. Let x = -3 - -5. Let h be v(x). What is the greatest common factor of 64 and h?
16
Let c(a) = a**3 - 4*a**2 - a + 5. Let m be c(4). Calculate the greatest common divisor of m and 1.
1
Suppose -7*m + 2*m + 4*u + 62 = 0, -3*u = -6. What is the greatest common divisor of 21 and m?
7
Let b = -3 - -6. Suppose -3*t + r = -24, b*t = -t + 2*r + 30. What is the greatest common divisor of 9 and t?
9
Suppose -3*r + 179 - 53 = -3*y, -4*r = 3*y - 189. Suppose -8*a = -4*a - 36. What is the greatest common divisor of a and r?
9
Let q = -73 - -243. Suppose -q = -4*c - c. Suppose -4*h + k + 64 = 0, -4*h = -5*h - 3*k + 29. What is the greatest common divisor of c and h?
17
Let f be (-2)/1 - 16/(-1). Let k be (-388)/(-14) - 2/(-7). Calculate the greatest common divisor of k and f.
14
Let q = 0 + 11. Let p = 17 - q. Let n be 2*7 + 2 - 1. Calculate the greatest common factor of n and p.
3
Let d(p) = p**3 + 10*p**2 + 7*p + 6. Let c be d(-9). Let r(u) = 2*u**2 - 3*u - 1. Let h be r(3). Calculate the highest common divisor of c and h.
8
Suppose -2*p = -4*l + 128, 0 = -3*l + 2*l - p + 38. What is the greatest common factor of l and 102?
34
Let a(i) = -i**2 + 11*i - 6. Let d be a(8). Let z(r) = 11*r**2 + 3*r. Suppose 4*s - 3*s + 3 = 0. Let q be z(s). What is the highest common divisor of q and d?
18
Suppose -3*p + p = 0. Let k be p + -2*1/2. Let b = k + 5. What is the highest common divisor of b and 44?
4
Let t be (-3)/(-3)*(-1 - -80). Suppose 3*u = -25 + t. Calculate the greatest common factor of u and 54.
18
Let l = -76 + 110. Let a = -24 + l. Calculate the greatest common divisor of a and 100.
10
Let p(i) = 8*i**2 + 6*i + 6. Let l be -2 + -2 - 0/(-2). Let s be p(l). What is the greatest common factor of 10 and s?
10
Let b = 109 + 8. Let q = -299 + 497. Suppose -3*s + b = -q. What is the highest common divisor of s and 21?
21
Let p = -52 + 136. Calculate the highest common factor of p and 28.
28
Suppose 0 = 3*f - 3*u + 12, -f - 8 = 3*f + 4*u. Let o(a) = a**2 + 3*a. Let c be o(f). Let n = 2 - c. What is the greatest common factor of n and 5?
1
Let z be 115/3 - (-10)/15. Let i(v) = -v**3 + v**2 + 6*v + 8. Let t be i(-3). Calculate the greatest common divisor of t and z.
13
Suppose -c + 91 = 3*w, -3*w - 4*c - 56 = -5*w. Let i(j) = -3*j**2 - 5*j - 4. Let y be i(-3). Let k = y + w. What is the highest common divisor of k and 126?
14
Let i(p) = 14*p + 6. Let w be i(2). What is the greatest common factor of w and 102?
34
Let t(h) = 6*h + 10. Let s be t(5). What is the highest common divisor of s and 20?
20
Let r = 24 + -12. What is the highest common factor of r and 204?
12
Let i(j) = j - 5. Let s be i(6). Let p be s/(100/99 + -1). Let b be (-36)/(-3) + (-1 - 0). What is the highest common divisor of b and p?
11
Suppose -6 = -3*a - 0*a. Let j = -18 + 26. What is the highest common divisor of j and a?
2
Suppose n = 23 - 3. Calculate the highest common divisor of 5 and n.
5
Let d = -2 - -11. Let m be (-2)/d + 3032/36. Let i be (16 - (4 + -3)) + -3. Calculate the highest common factor of m and i.
12
Let m(v) = -3*v**3 - 2*v**2 + 2*v. Let a be m(-2). Let l be 8/(-20) + 64/10. What is the greatest common factor of l and a?
6
Let c be (-2)/(-8) + 2*(-115)/(-8). Calculate the greatest common divisor of c and 232.
29
Let i be ((-221)/(-85))/(1/5). Calculate the highest common divisor of 117 and i.
13
Let y(z) = -16*z**2 - z + 4. Let g be y(-3). Let h = g - -427. Let v be h/14 - (-2)/7. What is the greatest common divisor of 3 and v?
3
Let o = 698 + -395. Suppose 123 - o = -u. What is the highest common factor of 20 and u?
20
Let t = 11 - 7. Suppose m + 38 + 3 = -t*g, 5*g - 95 = 2*m. Let l = m - -70. Calculate the highest common divisor of l and 5.
5
Suppose -3*y = -308 + 116. What is the greatest common factor of y and 32?
32
Suppose y - 67 + 9 = 0. Let n = y + -40. What is the greatest common factor of 54 and n?
18
Let r = -5 - -40. Suppose 73 + r = 3*h. What is the highest common factor of 24 and h?
12
Let d = 24 - 10. Suppose -x + 7 = 3*q - 0*x, -2*q = 3*x - d. What is the greatest common divisor of q and 11?
1
Suppose -78 = -f + 42. Let u = 3 + -8. Let q be u*(3 + -6)*1. Calculate the greatest common divisor of q and f.
15
Let j = -51 + 79. What is the greatest common divisor of 42 and j?
14
Let h be (-4)/10 - (-65)/(-25). Let u be h + 0 + 1 + 4. Suppose -p + 0*p = -4. Calculate the greatest common factor of u and p.
2
Suppose 0*s = s - 15. Calculate the greatest common factor of 3 and s.
3
Let y be 2/(5 - 102/21). What is the highes